42234 (base 5) to base 15
-84ed99
Convert c7a15a (base 16) to base 3.
220121200110110
-551604 (base 7) to base 3
-11220121210
What is 8d761 (base 16) in base 4?
2031131201
-13162048 (base 9) to base 4
-120231112121
cc590c (base 13) to base 11
2796444
What is -447769 (base 10) in base 2?
-1101101010100011001
Convert -4354b (base 15) to base 7.
-1550246
-2044158 (base 12) to base 16
-5c7fd4
What is a97e3 (base 16) in base 7?
5621014
Convert -3aacc3 (base 14) to base 7.
-23143233
Convert 1dc21 (base 15) to base 3.
11221101011
What is 347789 (base 11) in base 4?
2012300222
What is 1441027 (base 10) in base 4?
11133310003
-132011012033 (base 4) to base 11
-44a62a3
Convert -46620 (base 7) to base 4.
-2323002
What is -1654261 (base 7) in base 4?
-320221021
What is -104440a (base 11) in base 3?
-10110021102220
What is -46427 (base 10) in base 14?
-12cc3
What is 420323014 (base 5) in base 4?
12212103133
What is -1068b86 (base 13) in base 15?
-691aea
cd229 (base 16) to base 15
118e58
14224022 (base 8) to base 6
153014242
Convert -873195 (base 15) to base 16.
-6243b9
Convert 493547 (base 16) to base 3.
100000202022002
Convert 635726 (base 8) to base 16.
33bd6
-1133113302 (base 4) to base 6
-12212310
-1010111010011111 (base 2) to base 12
-21a53
Convert -4238327 (base 10) to base 6.
-230501515
-16146a6 (base 13) to base 16
-6c3b4a
Convert 566a (base 11) to base 16.
1d21
124234123 (base 5) to base 2
10010110111000110110
Convert 111101110001110100101001 (base 2) to base 11.
9161488
What is -1102021112000 (base 3) in base 16?
-b7f1b
Convert -12642287 (base 10) to base 9.
-25707855
What is 302403302 (base 6) in base 13?
10ba646
Convert 12331312043 (base 5) to base 3.
1001102100211021
What is -1410211 (base 9) in base 5?
-144234440
What is 255140 (base 8) in base 16?
15a60
2321212 (base 6) to base 15
25638
Convert 1375003 (base 8) to base 12.
16a803
-233211040 (base 5) to base 14
-1dbaa4
Convert 1232460 (base 8) to base 11.
21346a
What is -31a149 (base 11) in base 4?
-1330310232
What is 266211 (base 7) in base 8?
142010
-5304441 (base 8) to base 6
-50130025
What is 2211122022 (base 3) in base 7?
321614
What is 12011200022 (base 3) in base 5?
11224300
What is -3c145 (base 14) in base 13?
-5273c
What is -c6931 (base 13) in base 16?
-57463
What is a46a21 (base 11) in base 8?
6315725
Convert -1355525 (base 7) to base 10.
-182054
Convert -3109379 (base 10) to base 3.
-12211222021012
Convert -1198446 (base 10) to base 13.
-32c652
Convert 1001111010101111000010 (base 2) to base 13.
7004b4
Convert 67521 (base 11) to base 14.
278d1
Convert 1aa42 (base 14) to base 15.
1519e
What is 213131042 (base 5) in base 4?
3132200211
a24 (base 12) to base 7
4165
Convert 14002421 (base 5) to base 4.
202122322
What is fd353 (base 16) in base 10?
1037139
What is -714412 (base 10) in base 9?
-1307881
13b654 (base 12) to base 5
41042401
Convert 248210 (base 10) to base 12.
bb782
Convert -10101110001010011001 (base 2) to base 8.
-2561231
What is -130cd (base 15) in base 8?
-167017
Convert 14833b6 (base 15) to base 10.
14844096
What is -716663 (base 8) in base 4?
-321312303
Convert 18466731 (base 9) to base 5.
4341040103
Convert -10000101111100 (base 2) to base 5.
-233242
Convert -751cf (base 16) to base 14.
-c6b5d
Convert 25334120 (base 8) to base 16.
55b850
What is 82434 (base 9) in base 10?
54301
Convert -1000101010000000001 (base 2) to base 16.
-45401
Convert -2101023 (base 4) to base 15.
-2b46
What is 100011000001010101101 (base 2) in base 12?
474125
1159a6 (base 11) to base 7
1363065
Convert 429a361 (base 11) to base 3.
112012202221102
What is -345191 (base 12) in base 2?
-11001100101010111101
Convert -990bb0 (base 12) to base 9.
-4510316
What is -1204227 (base 10) in base 8?
-4460003
Convert -674688 (base 10) to base 16.
-a4b80
What is 200333110 (base 4) in base 14?
3735a
What is 301150 (base 6) in base 2?
101110000111010
What is -975798 (base 11) in base 12?
-63262b
-22365500 (base 8) to base 9
-10103173
Convert -562622 (base 7) to base 4.
-120101231
What is 11100011111010011110110 (base 2) in base 9?
15042486
Convert 873975 (base 10) to base 5.
210431400
-826a6 (base 14) to base 7
-2445566
What is -1907342 (base 10) in base 2?
-111010001101010001110
What is -3671bd (base 14) in base 9?
-3450258
-1123313231 (base 4) to base 16
-5bded
33500b (base 13) to base 9
2244514
-46720343 (base 8) to base 14
-14d6d11
Convert 3512736 (base 8) to base 2.
11101001010111011110
What is -1012115 (base 6) in base 5?
-3022211
2023341201 (base 5) to base 10
4121426
What is -10101101001110101111101 (base 2) in base 11?
-3227856
-325036 (base 7) to base 2
-1101111010000101
-23020200201 (base 4) to base 5
-1221342213
c90018 (base 13) to base 11
27296aa
-1235522 (base 6) to base 11
-46686
Convert 111111121 (base 3) to base 8.
23164
What is 1154250 (base 6) in base 8?
170666
-44417 (base 8) to base 9
-27581
Convert -101000110000000 (base 2) to base 6.
-240332
What is -11041041 (base 5) in base 12?
-47950
-18625c (base 13) to base 5
-124112003
What is 50402220 (base 6) in base 5?
331300200
Convert 101011111000000001 (base 2) to base 11.
113026
-863682 (base 12) to base 15
-2bd798
-8577102 (base 9) to base 10
-4597886
What is 110132201 (base 4) in base 14?
227cd
-55223251 (base 6) to base 12
-677b27
11309a (base 11) to base 9
303561
-1444434 (base 6) to base 3
-11021012011
What is 164bb (base 12) in base 11?
21a00
Convert 1013443 (base 5) to base 8.
40554
-1368b (base 12) to base 15
-7e7b
36231140 (base 8) to base 7
124340466
Convert 2050305 (base 6) to base 14.
285a1
What is 4c03a3 (base 14) in base 10?
2613019
-440301321 (base 5) to base 7
-22006264
What is 10012032021 (base 4) in base 13?
2b7b4a
Convert a71457 (base 13) to base 3.
21100221110201
Convert -511455 (base 8) to base 5.
-20344444
Convert 14210 (base 12) to base 15.
8433
What is a86e (base 15) in base 9?
53815
What is -1a6a0 (base 12) in base 3?
-1222111110
What is 12222035 (base 6) in base 11?
248445
What is 52316 (base 9) in base 5?
2101041
What is -23012211 (base 4) in base 10?
-45477
Convert 31534244 (base 6) to base 2.
11100011000110010100
5495394 (base 10) to base 5
2401323034
Convert 708c2c (base 13) to base 4.
21333111011
What is -6970405 (base 10) in base 5?
-3241023110
Convert 66117 (base 12) to base 16.
20f23
1151425 (base 7) to base 12
710b7
What is -1087688 (base 9) in base 6?
-20345342
-1136000 (base 7) to base 5
-14044332
Convert -256a8 (base 11) to base 5.
-2134111
What is -111122110021 (base 3) in base 10?
-268603
-7034494 (base 10) to base 13
-15c3b2c
What is -29bb5 (base 12) in base 5?
-3334440
1340103 (base 6) to base 7
432156
110000101001110010101 (base 2) to base 6
54100501
228c8 (base 13) to base 15
13a22
What is -30300230 (base 4) in base 9?
-78625
Convert -1000022022220 (base 3) to base 13.
-15a872
What is 250056 (base 7) in base 5?
2430120
What is -11592 (base 11) in base 7?
-66424
11021421 (base 5) to base 11
65609
What is 10563626 (base 7) in base 4?
3201122333
Convert 243100 (base 13) to base 3.
1121212121211
What is -26114 (base 14) in base 16?
-16d46
-3103003012 (base 4) to base 16
-d30c6
What is 11201112200001 (base 3) in base 8?
11447142
Convert 320e (base 16) to base 7.
52234
What is 531062 (base 11) in base 10?
850577
-46a306 (base 11) to base 16
-b6101
Convert -15534341 (base 8) to base 4.
-31223203201
Convert -119b52 (base 12) to base 4.
-1012000232
What is 34603 (base 8) in base 10?
14723
What is -31731735 (base 8) in base 12?
-2339025
Convert 9464a (base 12) to base 2.
101111011110011010
Convert -100566 (base 8) to base 4.
-20011312
Convert -54b88a (base 13) to base 9.
-3672417
What is -1451504 (base 6) in base 16?
-14aa0
Convert 320 (base 11) to base 5.
3020
1045352 (base 11) to base 13
4c4301
What is -a4a061 (base 11) in base 10?
-1682451
What is 11110212211212 (base 3) in base 5?
1102114334
-34e56a (base 16) to base 3
-20112010021200
Convert 157abb (base 15) to base 2.
11111101100011010111
-2a584 (base 11) to base 5
-2341124
Convert -49406 (base 14) to base 7.
-1344206
122dc (base 15) to base 9
87540
-130333211 (base 4) to base 16
-1cfe5
Convert -201042 (base 5) to base 16.
-18fd
What is e3610 (base 15) in base 13?
1c2aa1
What is -22231232 (base 5) in base 9?
-327544
Convert 14422040 (base 7) to bas